{"id":206,"date":"2024-10-13T18:19:45","date_gmt":"2024-10-13T16:19:45","guid":{"rendered":"https:\/\/geosafe.unibuc.ro\/?page_id=206"},"modified":"2024-10-13T19:06:58","modified_gmt":"2024-10-13T17:06:58","slug":"despre-proiect","status":"publish","type":"page","link":"https:\/\/geosafe.unibuc.ro\/index.php\/despre-proiect\/","title":{"rendered":"Despre proiect"},"content":{"rendered":"\t\t<div data-elementor-type=\"wp-page\" data-elementor-id=\"206\" class=\"elementor elementor-206\">\n\t\t\t\t<div class=\"elementor-element elementor-element-2e54752 e-flex e-con-boxed e-con e-parent\" data-id=\"2e54752\" data-element_type=\"container\">\n\t\t\t\t\t<div class=\"e-con-inner\">\n\t\t\t\t<div class=\"elementor-element elementor-element-bd8d285 elementor-widget elementor-widget-heading\" data-id=\"bd8d285\" data-element_type=\"widget\" data-widget_type=\"heading.default\">\n\t\t\t\t<div class=\"elementor-widget-container\">\n\t\t\t\t\t<h2 class=\"elementor-heading-title elementor-size-default\">Evaluarea vulnerabilit\u0103\u021bii la multi-hazard pe baza lan\u021burilor de impact<\/h2>\t\t\t\t<\/div>\n\t\t\t\t<\/div>\n\t\t\t\t<div class=\"elementor-element elementor-element-23591ab elementor-widget elementor-widget-text-editor\" data-id=\"23591ab\" data-element_type=\"widget\" data-widget_type=\"text-editor.default\">\n\t\t\t\t<div class=\"elementor-widget-container\">\n\t\t\t\t\t\t\t\t\t<p class=\"has-text-align-center\" style=\"text-align: center;\"><strong><em>Programul \u2013\u00a0Premiere Orizont Europa \u2013 Institu\u021bii<\/em><\/strong><\/p><p><strong><em>Cod proiect:\u00a0<a>PN-IV-P8-8.1-PRE-HE-ORG-2023-0120<\/a>;\u00a0nr. 43PHE\/2024<br \/><\/em><\/strong><strong>Proiect finantat de\u00a0<\/strong>Unitatea Executiva pentru Finan\u021barea \u00cenv\u0103\u021b\u0103m\u00e2ntului Superior, a Cercet\u0103rii,\u00a0 Dezvolt\u0103rii \u0219i Inov\u0103rii (<strong>UEFISCDI<\/strong>)<br \/><strong style=\"text-align: var(--text-align); background-color: var(--wp--preset--color--base); font-size: var(--wp--preset--font-size--medium);\">Director \u2013 Prof. univ. Dr. Iuliana Arma\u0219<br \/><\/strong><strong>Durata: ianuarie-decembrie 2024 (12 luni)<\/strong><\/p>\t\t\t\t\t\t\t\t<\/div>\n\t\t\t\t<\/div>\n\t\t\t\t\t<\/div>\n\t\t\t\t<\/div>\n\t\t<div class=\"elementor-element elementor-element-9ab832e e-flex e-con-boxed e-con e-parent\" data-id=\"9ab832e\" data-element_type=\"container\">\n\t\t\t\t\t<div class=\"e-con-inner\">\n\t\t\t\t<div class=\"elementor-element elementor-element-b797f0f elementor-widget elementor-widget-image\" data-id=\"b797f0f\" data-element_type=\"widget\" data-widget_type=\"image.default\">\n\t\t\t\t<div class=\"elementor-widget-container\">\n\t\t\t\t\t\t\t\t\t\t\t\t<figure class=\"wp-caption\">\n\t\t\t\t\t\t\t\t\t\t<img fetchpriority=\"high\" decoding=\"async\" width=\"965\" height=\"1024\" src=\"https:\/\/geosafe.unibuc.ro\/wp-content\/uploads\/2024\/09\/Figura-1-965x1024.png\" class=\"attachment-large size-large wp-image-26\" alt=\"\" srcset=\"https:\/\/geosafe.unibuc.ro\/wp-content\/uploads\/2024\/09\/Figura-1-965x1024.png 965w, https:\/\/geosafe.unibuc.ro\/wp-content\/uploads\/2024\/09\/Figura-1-283x300.png 283w, https:\/\/geosafe.unibuc.ro\/wp-content\/uploads\/2024\/09\/Figura-1-768x815.png 768w, https:\/\/geosafe.unibuc.ro\/wp-content\/uploads\/2024\/09\/Figura-1-1448x1536.png 1448w, https:\/\/geosafe.unibuc.ro\/wp-content\/uploads\/2024\/09\/Figura-1-1931x2048.png 1931w\" sizes=\"(max-width: 965px) 100vw, 965px\" \/>\t\t\t\t\t\t\t\t\t\t\t<figcaption class=\"widget-image-caption wp-caption-text\"><\/figcaption>\n\t\t\t\t\t\t\t\t\t\t<\/figure>\n\t\t\t\t\t\t\t\t\t<\/div>\n\t\t\t\t<\/div>\n\t\t\t\t\t<\/div>\n\t\t\t\t<\/div>\n\t\t\t\t<\/div>\n\t\t","protected":false},"excerpt":{"rendered":"<p>Evaluarea vulnerabilit\u0103\u021bii la multi-hazard pe baza lan\u021burilor de impact Programul \u2013\u00a0Premiere Orizont Europa \u2013 Institu\u021bii Cod proiect:\u00a0PN-IV-P8-8.1-PRE-HE-ORG-2023-0120;\u00a0nr. 43PHE\/2024Proiect finantat de\u00a0Unitatea Executiva pentru Finan\u021barea \u00cenv\u0103\u021b\u0103m\u00e2ntului Superior, a Cercet\u0103rii,\u00a0 Dezvolt\u0103rii \u0219i Inov\u0103rii (UEFISCDI)Director \u2013 Prof. univ. Dr. Iuliana Arma\u0219Durata: ianuarie-decembrie 2024 (12 luni)<\/p>\n","protected":false},"author":1,"featured_media":0,"parent":0,"menu_order":0,"comment_status":"closed","ping_status":"closed","template":"","meta":{"footnotes":""},"class_list":["post-206","page","type-page","status-publish","hentry"],"_links":{"self":[{"href":"https:\/\/geosafe.unibuc.ro\/index.php\/wp-json\/wp\/v2\/pages\/206","targetHints":{"allow":["GET"]}}],"collection":[{"href":"https:\/\/geosafe.unibuc.ro\/index.php\/wp-json\/wp\/v2\/pages"}],"about":[{"href":"https:\/\/geosafe.unibuc.ro\/index.php\/wp-json\/wp\/v2\/types\/page"}],"author":[{"embeddable":true,"href":"https:\/\/geosafe.unibuc.ro\/index.php\/wp-json\/wp\/v2\/users\/1"}],"replies":[{"embeddable":true,"href":"https:\/\/geosafe.unibuc.ro\/index.php\/wp-json\/wp\/v2\/comments?post=206"}],"version-history":[{"count":13,"href":"https:\/\/geosafe.unibuc.ro\/index.php\/wp-json\/wp\/v2\/pages\/206\/revisions"}],"predecessor-version":[{"id":270,"href":"https:\/\/geosafe.unibuc.ro\/index.php\/wp-json\/wp\/v2\/pages\/206\/revisions\/270"}],"wp:attachment":[{"href":"https:\/\/geosafe.unibuc.ro\/index.php\/wp-json\/wp\/v2\/media?parent=206"}],"curies":[{"name":"wp","href":"https:\/\/api.w.org\/{rel}","templated":true}]}}